ed by 26.
23
Let u(k) = 18*k + 12. What is the remainder when u(7) is divided by 7?
5
Let q be (1/(-1))/(5/(-10)). Suppose 4*c - 9 = -3*s, 11 = -8*s + 3*s + 2*c. What is the remainder when 12 is divided by (s/(-1))/(q/14)?
5
Let t = -8 - -11. Let z(k) = -k + 9*k - 2 + 6. What is the remainder when z(t) is divided by 15?
13
Suppose 0 = -3*s - 5*i + 236, -2*s + 4*i + 131 - 3 = 0. What is the remainder when s is divided by 15?
12
Let l(j) = 3*j - 8. Let x = 0 - -7. What is the remainder when l(x) is divided by 5?
3
Let x(k) = -k**2 - 2*k + 3. Let u be x(2). Let z be (-60)/6 - -1*1. Let r = u - z. Calculate the remainder when r is divided by 2.
0
Suppose -6*d + 4*d = -46. Calculate the remainder when 65 is divided by d.
19
Let n(l) = 12*l**2 - 1. Calculate the remainder when n(2) is divided by 18.
11
Suppose 4*v - 12 = -4*d - 0*d, 5*d - 5*v - 35 = 0. Calculate the remainder when 38 is divided by d.
3
Let h(s) = 8*s - 27. Calculate the remainder when h(10) is divided by 9.
8
Calculate the remainder when (-18 - 55)/(2/(-4)) is divided by 37.
35
Suppose 0 = -7*g + 4*g + 66. Let y = 46 - g. What is the remainder when y is divided by 13?
11
Suppose -45 = -16*y + 19. Calculate the remainder when 4 + (0 - -2) + -1 is divided by y.
1
Suppose 5*c - 6 = -1. What is the remainder when 4 is divided by c?
0
Let p(h) = -h + 26. Suppose 2*w - 5 - 13 = 0. What is the remainder when w is divided by p(21)?
4
Let i be (0 - -1)*(44 - 1). Let s = -30 + i. Let g = 9 - 2. Calculate the remainder when s is divided by g.
6
Suppose -2*z = 5*d + 4, -28 + 10 = -4*z + 3*d. What is the remainder when (10/(-6))/((-1)/z) is divided by (-7)/(-3) + (-4)/(-6)?
2
Let d = 31 + -13. Let m(o) = -2*o**2 - 3*o + 4. Let x be m(-5). Let p = -21 - x. Calculate the remainder when d is divided by p.
8
Let c = 26 + -15. What is the remainder when c is divided by 6?
5
Suppose 126 = -5*k + 7*k. Calculate the remainder when k is divided by 13.
11
Let m(z) = z**2 - 5. Let l be m(6). Suppose -3*x + 86 = p - 2*p, -x - 2*p = -l. What is the remainder when x is divided by 2/((-1)/3 + (-72)/(-135))?
9
Let t(j) = -j**3 - 3*j**2 - 5*j + 1. What is the remainder when t(-6) is divided by 35?
34
Let q = 21 + 0. What is the remainder when 41 is divided by q?
20
Suppose 0 = -7*g + 2*g - c + 68, -4*c = 2*g - 38. Calculate the remainder when g is divided by 8.
5
Let f be (-1 + 2)/(3/21). Suppose 165 = f*j - 2*j. What is the remainder when j is divided by 9?
6
Let y = 1 - -2. What is the remainder when ((-2)/y + 2)*12 is divided by 9?
7
Suppose -2*d - 5*v + 11 = d, 5*d - 2*v = 70. Suppose p + 5 = 0, -3*q + p = -4*q + 29. What is the remainder when q is divided by d?
10
Let h(f) = 6*f**3 + 10 - 2*f**3 - 3*f**3 + 8*f**2. What is the remainder when 29 is divided by h(-8)?
9
Suppose 0*c = -3*c + 66. Let f = -5 + c. What is the remainder when f is divided by (-12)/(-14)*(-2 + 9)?
5
Let s = -12 + 20. Calculate the remainder when ((-7)/(-10) + 1/2)*10 is divided by s.
4
Let w(f) = 12*f**2 - 2*f. Calculate the remainder when w(-3) is divided by 29.
27
Let b(x) = x**2 - 3*x. Let j be b(4). Let o = j + 1. Suppose 2*f + 0*f = 0, l = -o*f + 26. Calculate the remainder when l is divided by 7.
5
What is the remainder when 29 is divided by 6 - -1*(-1 - -3)?
5
Suppose 5*p = -4*h + 279, -5*h - 242 = -3*p - 45. Calculate the remainder when p is divided by 30.
29
Let g(n) = -n**3 - 7*n**2 - 11*n - 26. Let o = -30 + 72. Suppose -5*l + 8 + o = 0. What is the remainder when l is divided by g(-6)?
2
Let i(t) = t**3 - 3*t**2 - t - 1. Let k be i(5). Suppose f + k = -3*f. Let w = -8 - f. What is the remainder when 7 is divided by w?
1
Let f(t) = -2*t**3 - t**2. Calculate the remainder when 70 is divided by f(-2).
10
Let u = 1 - -4. Suppose -o + 3*p + 17 = 0, -3*p = u*o + p - 28. What is the remainder when 22 is divided by o?
6
Let o be -1 - (-6 + 0 + 0). Suppose -2*h = 3*h. Suppose -4*q + i = -h*i - 15, i = -o*q + 12. What is the remainder when 7 is divided by q?
1
Suppose -45 = -4*v + 3. Calculate the remainder when 20 is divided by v.
8
Let j(d) = d**3 + 7*d**2 + d + 2. Let l be j(-6). Let z be (l/12)/(1/(-3)). Let v = z + 22. Calculate the remainder when 27 is divided by v.
13
Suppose -4*f = 2*u + 6, 3 = u - 2*f - 2. Calculate the remainder when 29 is divided by u - 0 - (2 - 9).
5
Let h = -5 + 9. What is the remainder when h is divided by 1?
0
Let y(j) = -4*j - 1. What is the remainder when 19 is divided by y(-2)?
5
Calculate the remainder when 10*(24/(-20) + 1)/(-1) is divided by 2.
0
Suppose -60 = -2*u - u. Let j = u - -7. Calculate the remainder when j is divided by 15.
12
Let q(i) = -i**3 + 9*i**2 + 2. Let w be q(9). Let s be 3*w*6/4. Suppose 5*f + 9 = 3*o + 4*f, 3*f = -3*o + s. What is the remainder when 5 is divided by o?
2
Suppose -4*l = l - 25. Let j = -17 - -9. Let v = -5 - j. What is the remainder when l is divided by v?
2
Suppose -2*g + 3*g = i + 1, -3*g + 6 = -2*i. What is the remainder when 5 is divided by g?
1
Let a(r) = r**3 - 4*r + 4. What is the remainder when a(4) is divided by 18?
16
Let m = 231 + -162. What is the remainder when m is divided by 24?
21
What is the remainder when 87 is divided by 2 - (4 - 3) - -29?
27
Suppose -6 = -4*l + 30. Calculate the remainder when 35 is divided by l.
8
What is the remainder when ((-581)/28)/((-2)/8) is divided by 21?
20
Let a(d) = -2*d**3 - d**2 + 2*d + 1. Let k(o) = 4*o + 1. Let x be k(-1). What is the remainder when a(x) is divided by 21?
19
Let d = 81 - 26. Suppose 0 = 2*y - 2*k - 30, -3*y + 41 = k - 5*k. What is the remainder when d is divided by y?
17
Let i = 98 - 89. Suppose -4*g - 12 = 5*v - 87, -2*g - v + 45 = 0. Calculate the remainder when g is divided by i.
7
Let k(z) = z**3 + 14*z**2 + 13*z + 8. Let v = 1 + 4. What is the remainder when k(-13) is divided by v?
3
Suppose -3*x + 4*r - 4 + 5 = 0, 9 = x + 3*r. Let p = x + 18. Suppose -11 - p = -3*m + 5*z, 2*z = -4*m + 34. Calculate the remainder when 35 is divided by m.
8
Suppose 3*q - 30 = -3*s, -2*q + 8 = 5*s - 0*s. Let x(o) = 3*o**2 - 2*o - 2. Let v be x(-2). Let f = v - 9. What is the remainder when q is divided by f?
4
Let r(v) = 4*v + 3. Let q(d) = -2*d - 9. Let z be q(-6). Let g = 4 - 0. Calculate the remainder when r(z) is divided by g.
3
Let u = 1 - -7. What is the remainder when u is divided by 5?
3
Suppose 8*d - 3*d = 0. What is the remainder when -1 - (-7 - (d - 0)) is divided by -1 - (-2 + (-3)/1)?
2
What is the remainder when 25/75 + (-412)/(-6) is divided by 19?
12
Suppose -8 = -2*q, k + 3*q - 3 = 2*k. What is the remainder when 43 is divided by k?
7
What is the remainder when 4 is divided by (-14 - -9)*(-2)/10?
0
Let y = -3 - -6. Suppose d - 5*z - 9 = -2*d, -y*z = -d - 1. Let t = -6 + 28. What is the remainder when t is divided by d?
6
Calculate the remainder when 27 is divided by (-2)/(-9) - (-183)/27.
6
Let v = 22 - 14. Suppose 0 = -2*f + 100 + 10. Let z = f - 32. What is the remainder when z is divided by v?
7
Let m = 5 - -3. Suppose 0 = q - m. What is the remainder when 30 is divided by q?
6
What is the remainder when ((-3)/2)/((-3)/108) is divided by 14?
12
Let r = 51 + -45. Calculate the remainder when 27 is divided by r.
3
Suppose 0 = 3*r - 2*h - 35, -r + 3*h = 4*r - 57. What is the remainder when r is divided by 5?
4
Let f(u) = u**3 - 1. Let t(y) = y**3 + 6*y**2 - 3*y - 8. Let m(d) = -2*f(d) + t(d). Calculate the remainder when 6 is divided by m(5).
2
Suppose -4*g = -4*l + 183 + 9, 0 = 4*l - 2*g - 186. Suppose -a - 4*a + 4*x + 96 = 0, -2*x = 3*a - 40. Calculate the remainder when l is divided by a.
13
Let q(r) = -r + 12. Calculate the remainder when 18 is divided by q(8).
2
Let p(x) = x**2 + 12*x - 9. Let z(k) = -k**2 - k. Let j(m) = p(m) + 2*z(m). Calculate the remainder when j(6) is divided by 8.
7
Let q = -54 - -77. Suppose q = 3*t - 43. Suppose 0 = -2*y - 21 + 107. What is the remainder when y is divided by t?
21
Let z(v) = 3*v + 78. What is the remainder when z(0) is divided by 3?
0
Let r(q) = 7*q**2 - 21*q - 1. What is the remainder when r(5) is divided by 14?
13
Let r be (-6)/(8/(-3) - -2). Let c(a) = -5*a - 38. What is the remainder when c(-12) is divided by 6/27 - (-106)/r?
10
Let d = 90 + -56. Calculate the remainder when d is divided by 12.
10
Let h(v) = -v**3 + 3*v**2 + 4*v - 2. 